{"id":173,"date":"2020-02-11T22:40:11","date_gmt":"2020-02-11T21:40:11","guid":{"rendered":"http:\/\/snehovyservis.cz\/?page_id=173"},"modified":"2021-12-29T20:32:25","modified_gmt":"2021-12-29T19:32:25","slug":"bezecke-stopy","status":"publish","type":"page","link":"https:\/\/snehovyservis.cz\/index.php\/bezecke-stopy\/","title":{"rendered":"B\u011a\u017dECK\u00c9 STOPY"},"content":{"rendered":"\n<div class=\"wp-block-columns is-layout-flex wp-container-2 wp-block-columns-is-layout-flex\">\n<div class=\"wp-block-column is-layout-flow wp-block-column-is-layout-flow\" style=\"flex-basis:100%\">\n<figure class=\"wp-block-table is-style-stripes\"><table><tbody><tr><td><strong>Oblast<\/strong><\/td><td><strong>St\u0159edisko<\/strong><\/td><td><strong>Sn\u00edh<\/strong><\/td><td><strong>B\u011b\u017eeck\u00e9 stopy<\/strong><\/td><\/tr><tr><td><\/td><td><\/td><td><\/td><td><\/td><\/tr><tr><td><\/td><td><\/td><td><\/td><td><\/td><\/tr><tr><td><strong>Krkono\u0161e<\/strong><\/td><td>\u0160pindler\u016fv Ml\u00fdn &#8211; Medv\u011bd\u00edn<\/td><td>40 &#8211; 55 cm<\/td><td><strong>35 <\/strong>z 65 km<\/td><\/tr><tr><td><\/td><td>Svat\u00fd Petr<\/td><td>40 &#8211; 55 cm<\/td><td><strong>20<\/strong> km  <\/td><\/tr><tr><td><\/td><td><\/td><td><\/td><td><\/td><\/tr><tr><td><\/td><td><\/td><td><\/td><td><\/td><\/tr><tr><td><strong>Krkono\u0161e<\/strong><\/td><td>Vrchlab\u00ed &#8211; Vejsplachy<\/td><td>10 &#8211; 15 cm<\/td><td><strong>3<\/strong> z <strong>3<\/strong>,<strong>5<\/strong> km (upraveno na bruslen\u00ed) <a href=\"https:\/\/menhouse.cz\/pohodove-a-stastne-vanoce-hmg\"><strong>|<\/strong><\/a> <a href=\"https:\/\/www.nabezky.cz\/\" data-type=\"URL\" data-id=\"https:\/\/www.nabezky.cz\/\">odkaz zde<\/a><\/td><\/tr><tr><td><\/td><td>Vrchlab\u00ed &#8211; Herl\u00edkovice<\/td><td>40 &#8211; 45 cm<\/td><td><strong>26<\/strong> z 29 km<\/td><\/tr><tr><td><\/td><td>Vrchlab\u00ed &#8211; Kn\u011b\u017eick\u00fd vrch<\/td><td>30 &#8211; 45 cm<\/td><td><strong>3<\/strong> km<\/td><\/tr><tr><td><\/td><td>Benecko <\/td><td>35 &#8211; 40 cm<\/td><td><strong>36<\/strong> z 44 km<strong> <a href=\"https:\/\/menhouse.cz\/pohodove-a-stastne-vanoce-hmg\">|<\/a><\/strong> <a href=\"https:\/\/www.benecko.info\/zima\/bezecke-lyzovani\/\" data-type=\"URL\" data-id=\"https:\/\/www.benecko.info\/zima\/bezecke-lyzovani\/\">odkaz zde<\/a> <\/td><\/tr><tr><td><\/td><td><\/td><td><\/td><td><\/td><\/tr><tr><td><\/td><td><\/td><td><\/td><td><\/td><\/tr><tr><td><strong>Krkono\u0161e<\/strong><\/td><td>\u010cern\u00e1 hora<\/td><td>50 &#8211; 60 cm<\/td><td><strong>37<\/strong> z 55 km<\/td><\/tr><tr><td><\/td><td>Pec Pod Sn\u011b\u017ekou<\/td><td>50 &#8211; 55 cm<\/td><td><strong>12<\/strong> z 12 km<\/td><\/tr><tr><td><\/td><td><\/td><td><\/td><td><\/td><\/tr><tr><td><\/td><td><\/td><td><\/td><td><\/td><\/tr><tr><td><strong>Jizersk\u00e9 hory<\/strong><\/td><td>\u010cern\u00e1 \u0158\u00ed\u010dka<\/td><td>25 &#8211; 35 cm<\/td><td><strong>0<\/strong> z 3 km (neupraveno) <\/td><\/tr><tr><td><\/td><td><\/td><td><\/td><td><\/td><\/tr><tr><td><\/td><td><\/td><td><\/td><td><\/td><\/tr><tr><td><strong>Jesen\u00edky<\/strong><\/td><td>Prad\u011bd<\/td><td>40 &#8211; 55 cm<\/td><td><strong>25<\/strong> z 44 km<\/td><\/tr><tr><td><\/td><td>\u010cervenohorsk\u00e9 sedlo<\/td><td>40 &#8211; 45 cm<\/td><td><strong>63<\/strong> z 63 km<\/td><\/tr><tr><td><\/td><td>Ostru\u017en\u00e1<\/td><td>35 &#8211; 40 cm<\/td><td><strong>71<\/strong> z 71 km<\/td><\/tr><tr><td><\/td><td>Karlov<\/td><td>35 &#8211; 40 cm<\/td><td><strong>45<\/strong> z 80 km<\/td><\/tr><tr><td><\/td><td><\/td><td><\/td><td><\/td><\/tr><tr><td><\/td><td><\/td><td><\/td><td><\/td><\/tr><tr><td><strong>Kru\u0161n\u00e9 hory<\/strong><\/td><td>Kl\u00edny<\/td><td>20 &#8211; 25 cm<\/td><td><strong>0 <\/strong>z 59 km (neupraveno)  <\/td><\/tr><tr><td><\/td><td>Bo\u017e\u00ed dar<\/td><td>30 &#8211; 45 cm<\/td><td><strong>25<\/strong> z 97 km<\/td><\/tr><tr><td><\/td><td>Bublava<\/td><td>30 &#8211; 45 cm<\/td><td><strong>35 <\/strong>z 141 km<\/td><\/tr><\/tbody><\/table><\/figure>\n\n\n\n<p><\/p>\n<\/div>\n<\/div>\n\n\n\n<div style=\"height:43px\" aria-hidden=\"true\" class=\"wp-block-spacer\"><\/div>\n\n\n\n<h4 class=\"wp-block-heading\"> <strong>Aktualizov\u00e1no: <\/strong>29.12. 2021 v 19:19 hod. <\/h4>\n\n\n\n<div style=\"height:100px\" aria-hidden=\"true\" class=\"wp-block-spacer\"><\/div>\n","protected":false},"excerpt":{"rendered":"<p>Oblast St\u0159edisko Sn\u00edh B\u011b\u017eeck\u00e9 stopy Krkono\u0161e \u0160pindler\u016fv Ml\u00fdn &#8211; Medv\u011bd\u00edn 40 &#8211; 55 cm 35 z 65 km Svat\u00fd Petr 40 &#8211; 55 cm 20 km Krkono\u0161e Vrchlab\u00ed &#8211; Vejsplachy 10 &#8211; 15 cm 3 z 3,5 km (upraveno na bruslen\u00ed) | odkaz zde Vrchlab\u00ed &#8211; Herl\u00edkovice 40 &#8211; 45 cm 26 z 29 km Vrchlab\u00ed &#8211; Kn\u011b\u017eick\u00fd vrch 30 &#8211; 45 cm 3 km Benecko 35 &#8211; 40 cm 36 z 44 km | odkaz zde Krkono\u0161e \u010cern\u00e1 hora 50 &#8211; 60 cm 37 z 55 km Pec Pod&hellip;<\/p>\n","protected":false},"author":1,"featured_media":0,"parent":0,"menu_order":0,"comment_status":"closed","ping_status":"closed","template":"","meta":{"_mi_skip_tracking":false,"_monsterinsights_sitenote_active":false,"_monsterinsights_sitenote_note":"","_monsterinsights_sitenote_category":0,"footnotes":""},"yoast_head":"<!-- This site is optimized with the Yoast SEO plugin v21.5 - https:\/\/yoast.com\/wordpress\/plugins\/seo\/ -->\n<title>B\u011a\u017dECK\u00c9 STOPY - Sn\u011bhov\u00fdServis.cz<\/title>\n<meta name=\"robots\" content=\"index, follow, max-snippet:-1, max-image-preview:large, max-video-preview:-1\" \/>\n<link rel=\"canonical\" href=\"https:\/\/snehovyservis.cz\/index.php\/bezecke-stopy\/\" \/>\n<meta property=\"og:locale\" content=\"cs_CZ\" \/>\n<meta property=\"og:type\" content=\"article\" \/>\n<meta property=\"og:title\" content=\"B\u011a\u017dECK\u00c9 STOPY - Sn\u011bhov\u00fdServis.cz\" \/>\n<meta property=\"og:description\" content=\"Oblast St\u0159edisko Sn\u00edh B\u011b\u017eeck\u00e9 stopy Krkono\u0161e \u0160pindler\u016fv Ml\u00fdn &#8211; Medv\u011bd\u00edn 40 &#8211; 55 cm 35 z 65 km Svat\u00fd Petr 40 &#8211; 55 cm 20 km Krkono\u0161e Vrchlab\u00ed &#8211; Vejsplachy 10 &#8211; 15 cm 3 z 3,5 km (upraveno na bruslen\u00ed) | odkaz zde Vrchlab\u00ed &#8211; Herl\u00edkovice 40 &#8211; 45 cm 26 z 29 km Vrchlab\u00ed &#8211; Kn\u011b\u017eick\u00fd vrch 30 &#8211; 45 cm 3 km Benecko 35 &#8211; 40 cm 36 z 44 km | odkaz zde Krkono\u0161e \u010cern\u00e1 hora 50 &#8211; 60 cm 37 z 55 km Pec Pod&hellip;\" \/>\n<meta property=\"og:url\" content=\"https:\/\/snehovyservis.cz\/index.php\/bezecke-stopy\/\" \/>\n<meta property=\"og:site_name\" content=\"Sn\u011bhov\u00fdServis.cz\" \/>\n<meta property=\"article:modified_time\" content=\"2021-12-29T19:32:25+00:00\" \/>\n<meta name=\"twitter:card\" content=\"summary_large_image\" \/>\n<meta name=\"twitter:label1\" content=\"Odhadovan\u00e1 doba \u010dten\u00ed\" \/>\n\t<meta name=\"twitter:data1\" content=\"1 minuta\" \/>\n<script type=\"application\/ld+json\" class=\"yoast-schema-graph\">{\"@context\":\"https:\/\/schema.org\",\"@graph\":[{\"@type\":\"WebPage\",\"@id\":\"https:\/\/snehovyservis.cz\/index.php\/bezecke-stopy\/\",\"url\":\"https:\/\/snehovyservis.cz\/index.php\/bezecke-stopy\/\",\"name\":\"B\u011a\u017dECK\u00c9 STOPY - Sn\u011bhov\u00fdServis.cz\",\"isPartOf\":{\"@id\":\"https:\/\/snehovyservis.cz\/#website\"},\"datePublished\":\"2020-02-11T21:40:11+00:00\",\"dateModified\":\"2021-12-29T19:32:25+00:00\",\"breadcrumb\":{\"@id\":\"https:\/\/snehovyservis.cz\/index.php\/bezecke-stopy\/#breadcrumb\"},\"inLanguage\":\"cs\",\"potentialAction\":[{\"@type\":\"ReadAction\",\"target\":[\"https:\/\/snehovyservis.cz\/index.php\/bezecke-stopy\/\"]}]},{\"@type\":\"BreadcrumbList\",\"@id\":\"https:\/\/snehovyservis.cz\/index.php\/bezecke-stopy\/#breadcrumb\",\"itemListElement\":[{\"@type\":\"ListItem\",\"position\":1,\"name\":\"Dom\u016f\",\"item\":\"https:\/\/snehovyservis.cz\/\"},{\"@type\":\"ListItem\",\"position\":2,\"name\":\"B\u011a\u017dECK\u00c9 STOPY\"}]},{\"@type\":\"WebSite\",\"@id\":\"https:\/\/snehovyservis.cz\/#website\",\"url\":\"https:\/\/snehovyservis.cz\/\",\"name\":\"Sn\u011bhov\u00fdServis.cz\",\"description\":\"Nejaktu\u00e1ln\u011bj\u0161\u00ed sn\u011bhov\u00e9 a ly\u017ea\u0159sk\u00e9 zpravodajstv\u00ed\",\"publisher\":{\"@id\":\"https:\/\/snehovyservis.cz\/#organization\"},\"potentialAction\":[{\"@type\":\"SearchAction\",\"target\":{\"@type\":\"EntryPoint\",\"urlTemplate\":\"https:\/\/snehovyservis.cz\/?s={search_term_string}\"},\"query-input\":\"required name=search_term_string\"}],\"inLanguage\":\"cs\"},{\"@type\":\"Organization\",\"@id\":\"https:\/\/snehovyservis.cz\/#organization\",\"name\":\"Sn\u011bhov\u00fdServis.cz\",\"url\":\"https:\/\/snehovyservis.cz\/\",\"logo\":{\"@type\":\"ImageObject\",\"inLanguage\":\"cs\",\"@id\":\"https:\/\/snehovyservis.cz\/#\/schema\/logo\/image\/\",\"url\":\"https:\/\/snehovyservis.cz\/wp-content\/uploads\/2024\/12\/cropped-Logo_Snehovy-Servis.jpg\",\"contentUrl\":\"https:\/\/snehovyservis.cz\/wp-content\/uploads\/2024\/12\/cropped-Logo_Snehovy-Servis.jpg\",\"width\":290,\"height\":154,\"caption\":\"Sn\u011bhov\u00fdServis.cz\"},\"image\":{\"@id\":\"https:\/\/snehovyservis.cz\/#\/schema\/logo\/image\/\"}}]}<\/script>\n<!-- \/ Yoast SEO plugin. -->","yoast_head_json":{"title":"B\u011a\u017dECK\u00c9 STOPY - Sn\u011bhov\u00fdServis.cz","robots":{"index":"index","follow":"follow","max-snippet":"max-snippet:-1","max-image-preview":"max-image-preview:large","max-video-preview":"max-video-preview:-1"},"canonical":"https:\/\/snehovyservis.cz\/index.php\/bezecke-stopy\/","og_locale":"cs_CZ","og_type":"article","og_title":"B\u011a\u017dECK\u00c9 STOPY - Sn\u011bhov\u00fdServis.cz","og_description":"Oblast St\u0159edisko Sn\u00edh B\u011b\u017eeck\u00e9 stopy Krkono\u0161e \u0160pindler\u016fv Ml\u00fdn &#8211; Medv\u011bd\u00edn 40 &#8211; 55 cm 35 z 65 km Svat\u00fd Petr 40 &#8211; 55 cm 20 km Krkono\u0161e Vrchlab\u00ed &#8211; Vejsplachy 10 &#8211; 15 cm 3 z 3,5 km (upraveno na bruslen\u00ed) | odkaz zde Vrchlab\u00ed &#8211; Herl\u00edkovice 40 &#8211; 45 cm 26 z 29 km Vrchlab\u00ed &#8211; Kn\u011b\u017eick\u00fd vrch 30 &#8211; 45 cm 3 km Benecko 35 &#8211; 40 cm 36 z 44 km | odkaz zde Krkono\u0161e \u010cern\u00e1 hora 50 &#8211; 60 cm 37 z 55 km Pec Pod&hellip;","og_url":"https:\/\/snehovyservis.cz\/index.php\/bezecke-stopy\/","og_site_name":"Sn\u011bhov\u00fdServis.cz","article_modified_time":"2021-12-29T19:32:25+00:00","twitter_card":"summary_large_image","twitter_misc":{"Odhadovan\u00e1 doba \u010dten\u00ed":"1 minuta"},"schema":{"@context":"https:\/\/schema.org","@graph":[{"@type":"WebPage","@id":"https:\/\/snehovyservis.cz\/index.php\/bezecke-stopy\/","url":"https:\/\/snehovyservis.cz\/index.php\/bezecke-stopy\/","name":"B\u011a\u017dECK\u00c9 STOPY - Sn\u011bhov\u00fdServis.cz","isPartOf":{"@id":"https:\/\/snehovyservis.cz\/#website"},"datePublished":"2020-02-11T21:40:11+00:00","dateModified":"2021-12-29T19:32:25+00:00","breadcrumb":{"@id":"https:\/\/snehovyservis.cz\/index.php\/bezecke-stopy\/#breadcrumb"},"inLanguage":"cs","potentialAction":[{"@type":"ReadAction","target":["https:\/\/snehovyservis.cz\/index.php\/bezecke-stopy\/"]}]},{"@type":"BreadcrumbList","@id":"https:\/\/snehovyservis.cz\/index.php\/bezecke-stopy\/#breadcrumb","itemListElement":[{"@type":"ListItem","position":1,"name":"Dom\u016f","item":"https:\/\/snehovyservis.cz\/"},{"@type":"ListItem","position":2,"name":"B\u011a\u017dECK\u00c9 STOPY"}]},{"@type":"WebSite","@id":"https:\/\/snehovyservis.cz\/#website","url":"https:\/\/snehovyservis.cz\/","name":"Sn\u011bhov\u00fdServis.cz","description":"Nejaktu\u00e1ln\u011bj\u0161\u00ed sn\u011bhov\u00e9 a ly\u017ea\u0159sk\u00e9 zpravodajstv\u00ed","publisher":{"@id":"https:\/\/snehovyservis.cz\/#organization"},"potentialAction":[{"@type":"SearchAction","target":{"@type":"EntryPoint","urlTemplate":"https:\/\/snehovyservis.cz\/?s={search_term_string}"},"query-input":"required name=search_term_string"}],"inLanguage":"cs"},{"@type":"Organization","@id":"https:\/\/snehovyservis.cz\/#organization","name":"Sn\u011bhov\u00fdServis.cz","url":"https:\/\/snehovyservis.cz\/","logo":{"@type":"ImageObject","inLanguage":"cs","@id":"https:\/\/snehovyservis.cz\/#\/schema\/logo\/image\/","url":"https:\/\/snehovyservis.cz\/wp-content\/uploads\/2024\/12\/cropped-Logo_Snehovy-Servis.jpg","contentUrl":"https:\/\/snehovyservis.cz\/wp-content\/uploads\/2024\/12\/cropped-Logo_Snehovy-Servis.jpg","width":290,"height":154,"caption":"Sn\u011bhov\u00fdServis.cz"},"image":{"@id":"https:\/\/snehovyservis.cz\/#\/schema\/logo\/image\/"}}]}},"_links":{"self":[{"href":"https:\/\/snehovyservis.cz\/index.php\/wp-json\/wp\/v2\/pages\/173"}],"collection":[{"href":"https:\/\/snehovyservis.cz\/index.php\/wp-json\/wp\/v2\/pages"}],"about":[{"href":"https:\/\/snehovyservis.cz\/index.php\/wp-json\/wp\/v2\/types\/page"}],"author":[{"embeddable":true,"href":"https:\/\/snehovyservis.cz\/index.php\/wp-json\/wp\/v2\/users\/1"}],"replies":[{"embeddable":true,"href":"https:\/\/snehovyservis.cz\/index.php\/wp-json\/wp\/v2\/comments?post=173"}],"version-history":[{"count":18,"href":"https:\/\/snehovyservis.cz\/index.php\/wp-json\/wp\/v2\/pages\/173\/revisions"}],"predecessor-version":[{"id":723,"href":"https:\/\/snehovyservis.cz\/index.php\/wp-json\/wp\/v2\/pages\/173\/revisions\/723"}],"wp:attachment":[{"href":"https:\/\/snehovyservis.cz\/index.php\/wp-json\/wp\/v2\/media?parent=173"}],"curies":[{"name":"wp","href":"https:\/\/api.w.org\/{rel}","templated":true}]}}