{"id":113,"date":"2020-02-04T19:01:47","date_gmt":"2020-02-04T18:01:47","guid":{"rendered":"http:\/\/snehovyservis.cz\/?page_id=113"},"modified":"2020-02-04T19:01:50","modified_gmt":"2020-02-04T18:01:50","slug":"fakturacni-udaje","status":"publish","type":"page","link":"https:\/\/snehovyservis.cz\/index.php\/fakturacni-udaje\/","title":{"rendered":"FAKTURA\u010cN\u00cd \u00daDAJE"},"content":{"rendered":"\n<pre class=\"wp-block-preformatted\"><strong><br>HOUSE Media Group s.r.o.\n<\/strong>\nRybn\u00e1 716\/24, Praha 1 - Star\u00e9 M\u011bsto, 110 00\n\nI\u010c: 07647999\n\nSpole\u010dnost veden\u00e1 u M\u011bstsk\u00e9ho soudu v&nbsp;Praze, odd\u00edl C 304437<\/pre>\n","protected":false},"excerpt":{"rendered":"<p>HOUSE Media Group s.r.o. Rybn\u00e1 716\/24, Praha 1 &#8211; Star\u00e9 M\u011bsto, 110 00 I\u010c: 07647999 Spole\u010dnost veden\u00e1 u M\u011bstsk\u00e9ho soudu v&nbsp;Praze, odd\u00edl C 304437<\/p>\n","protected":false},"author":2,"featured_media":0,"parent":0,"menu_order":0,"comment_status":"closed","ping_status":"closed","template":"","meta":{"_mi_skip_tracking":false,"_monsterinsights_sitenote_active":false,"_monsterinsights_sitenote_note":"","_monsterinsights_sitenote_category":0,"footnotes":""},"yoast_head":"<!-- This site is optimized with the Yoast SEO plugin v21.5 - https:\/\/yoast.com\/wordpress\/plugins\/seo\/ -->\n<title>FAKTURA\u010cN\u00cd \u00daDAJE - Sn\u011bhov\u00fdServis.cz<\/title>\n<meta name=\"robots\" content=\"index, follow, max-snippet:-1, max-image-preview:large, max-video-preview:-1\" \/>\n<link rel=\"canonical\" href=\"https:\/\/snehovyservis.cz\/index.php\/fakturacni-udaje\/\" \/>\n<meta property=\"og:locale\" content=\"cs_CZ\" \/>\n<meta property=\"og:type\" content=\"article\" \/>\n<meta property=\"og:title\" content=\"FAKTURA\u010cN\u00cd \u00daDAJE - Sn\u011bhov\u00fdServis.cz\" \/>\n<meta property=\"og:description\" content=\"HOUSE Media Group s.r.o. Rybn\u00e1 716\/24, Praha 1 - Star\u00e9 M\u011bsto, 110 00 I\u010c: 07647999 Spole\u010dnost veden\u00e1 u M\u011bstsk\u00e9ho soudu v&nbsp;Praze, odd\u00edl C 304437\" \/>\n<meta property=\"og:url\" content=\"https:\/\/snehovyservis.cz\/index.php\/fakturacni-udaje\/\" \/>\n<meta property=\"og:site_name\" content=\"Sn\u011bhov\u00fdServis.cz\" \/>\n<meta property=\"article:modified_time\" content=\"2020-02-04T18:01:50+00:00\" \/>\n<meta name=\"twitter:card\" content=\"summary_large_image\" \/>\n<script type=\"application\/ld+json\" class=\"yoast-schema-graph\">{\"@context\":\"https:\/\/schema.org\",\"@graph\":[{\"@type\":\"WebPage\",\"@id\":\"https:\/\/snehovyservis.cz\/index.php\/fakturacni-udaje\/\",\"url\":\"https:\/\/snehovyservis.cz\/index.php\/fakturacni-udaje\/\",\"name\":\"FAKTURA\u010cN\u00cd \u00daDAJE - Sn\u011bhov\u00fdServis.cz\",\"isPartOf\":{\"@id\":\"https:\/\/snehovyservis.cz\/#website\"},\"datePublished\":\"2020-02-04T18:01:47+00:00\",\"dateModified\":\"2020-02-04T18:01:50+00:00\",\"breadcrumb\":{\"@id\":\"https:\/\/snehovyservis.cz\/index.php\/fakturacni-udaje\/#breadcrumb\"},\"inLanguage\":\"cs\",\"potentialAction\":[{\"@type\":\"ReadAction\",\"target\":[\"https:\/\/snehovyservis.cz\/index.php\/fakturacni-udaje\/\"]}]},{\"@type\":\"BreadcrumbList\",\"@id\":\"https:\/\/snehovyservis.cz\/index.php\/fakturacni-udaje\/#breadcrumb\",\"itemListElement\":[{\"@type\":\"ListItem\",\"position\":1,\"name\":\"Dom\u016f\",\"item\":\"https:\/\/snehovyservis.cz\/\"},{\"@type\":\"ListItem\",\"position\":2,\"name\":\"FAKTURA\u010cN\u00cd \u00daDAJE\"}]},{\"@type\":\"WebSite\",\"@id\":\"https:\/\/snehovyservis.cz\/#website\",\"url\":\"https:\/\/snehovyservis.cz\/\",\"name\":\"Sn\u011bhov\u00fdServis.cz\",\"description\":\"Nejaktu\u00e1ln\u011bj\u0161\u00ed sn\u011bhov\u00e9 a ly\u017ea\u0159sk\u00e9 zpravodajstv\u00ed\",\"publisher\":{\"@id\":\"https:\/\/snehovyservis.cz\/#organization\"},\"potentialAction\":[{\"@type\":\"SearchAction\",\"target\":{\"@type\":\"EntryPoint\",\"urlTemplate\":\"https:\/\/snehovyservis.cz\/?s={search_term_string}\"},\"query-input\":\"required name=search_term_string\"}],\"inLanguage\":\"cs\"},{\"@type\":\"Organization\",\"@id\":\"https:\/\/snehovyservis.cz\/#organization\",\"name\":\"Sn\u011bhov\u00fdServis.cz\",\"url\":\"https:\/\/snehovyservis.cz\/\",\"logo\":{\"@type\":\"ImageObject\",\"inLanguage\":\"cs\",\"@id\":\"https:\/\/snehovyservis.cz\/#\/schema\/logo\/image\/\",\"url\":\"https:\/\/snehovyservis.cz\/wp-content\/uploads\/2024\/12\/cropped-Logo_Snehovy-Servis.jpg\",\"contentUrl\":\"https:\/\/snehovyservis.cz\/wp-content\/uploads\/2024\/12\/cropped-Logo_Snehovy-Servis.jpg\",\"width\":290,\"height\":154,\"caption\":\"Sn\u011bhov\u00fdServis.cz\"},\"image\":{\"@id\":\"https:\/\/snehovyservis.cz\/#\/schema\/logo\/image\/\"}}]}<\/script>\n<!-- \/ Yoast SEO plugin. -->","yoast_head_json":{"title":"FAKTURA\u010cN\u00cd \u00daDAJE - Sn\u011bhov\u00fdServis.cz","robots":{"index":"index","follow":"follow","max-snippet":"max-snippet:-1","max-image-preview":"max-image-preview:large","max-video-preview":"max-video-preview:-1"},"canonical":"https:\/\/snehovyservis.cz\/index.php\/fakturacni-udaje\/","og_locale":"cs_CZ","og_type":"article","og_title":"FAKTURA\u010cN\u00cd \u00daDAJE - Sn\u011bhov\u00fdServis.cz","og_description":"HOUSE Media Group s.r.o. Rybn\u00e1 716\/24, Praha 1 - Star\u00e9 M\u011bsto, 110 00 I\u010c: 07647999 Spole\u010dnost veden\u00e1 u M\u011bstsk\u00e9ho soudu v&nbsp;Praze, odd\u00edl C 304437","og_url":"https:\/\/snehovyservis.cz\/index.php\/fakturacni-udaje\/","og_site_name":"Sn\u011bhov\u00fdServis.cz","article_modified_time":"2020-02-04T18:01:50+00:00","twitter_card":"summary_large_image","schema":{"@context":"https:\/\/schema.org","@graph":[{"@type":"WebPage","@id":"https:\/\/snehovyservis.cz\/index.php\/fakturacni-udaje\/","url":"https:\/\/snehovyservis.cz\/index.php\/fakturacni-udaje\/","name":"FAKTURA\u010cN\u00cd \u00daDAJE - Sn\u011bhov\u00fdServis.cz","isPartOf":{"@id":"https:\/\/snehovyservis.cz\/#website"},"datePublished":"2020-02-04T18:01:47+00:00","dateModified":"2020-02-04T18:01:50+00:00","breadcrumb":{"@id":"https:\/\/snehovyservis.cz\/index.php\/fakturacni-udaje\/#breadcrumb"},"inLanguage":"cs","potentialAction":[{"@type":"ReadAction","target":["https:\/\/snehovyservis.cz\/index.php\/fakturacni-udaje\/"]}]},{"@type":"BreadcrumbList","@id":"https:\/\/snehovyservis.cz\/index.php\/fakturacni-udaje\/#breadcrumb","itemListElement":[{"@type":"ListItem","position":1,"name":"Dom\u016f","item":"https:\/\/snehovyservis.cz\/"},{"@type":"ListItem","position":2,"name":"FAKTURA\u010cN\u00cd \u00daDAJE"}]},{"@type":"WebSite","@id":"https:\/\/snehovyservis.cz\/#website","url":"https:\/\/snehovyservis.cz\/","name":"Sn\u011bhov\u00fdServis.cz","description":"Nejaktu\u00e1ln\u011bj\u0161\u00ed sn\u011bhov\u00e9 a ly\u017ea\u0159sk\u00e9 zpravodajstv\u00ed","publisher":{"@id":"https:\/\/snehovyservis.cz\/#organization"},"potentialAction":[{"@type":"SearchAction","target":{"@type":"EntryPoint","urlTemplate":"https:\/\/snehovyservis.cz\/?s={search_term_string}"},"query-input":"required name=search_term_string"}],"inLanguage":"cs"},{"@type":"Organization","@id":"https:\/\/snehovyservis.cz\/#organization","name":"Sn\u011bhov\u00fdServis.cz","url":"https:\/\/snehovyservis.cz\/","logo":{"@type":"ImageObject","inLanguage":"cs","@id":"https:\/\/snehovyservis.cz\/#\/schema\/logo\/image\/","url":"https:\/\/snehovyservis.cz\/wp-content\/uploads\/2024\/12\/cropped-Logo_Snehovy-Servis.jpg","contentUrl":"https:\/\/snehovyservis.cz\/wp-content\/uploads\/2024\/12\/cropped-Logo_Snehovy-Servis.jpg","width":290,"height":154,"caption":"Sn\u011bhov\u00fdServis.cz"},"image":{"@id":"https:\/\/snehovyservis.cz\/#\/schema\/logo\/image\/"}}]}},"_links":{"self":[{"href":"https:\/\/snehovyservis.cz\/index.php\/wp-json\/wp\/v2\/pages\/113"}],"collection":[{"href":"https:\/\/snehovyservis.cz\/index.php\/wp-json\/wp\/v2\/pages"}],"about":[{"href":"https:\/\/snehovyservis.cz\/index.php\/wp-json\/wp\/v2\/types\/page"}],"author":[{"embeddable":true,"href":"https:\/\/snehovyservis.cz\/index.php\/wp-json\/wp\/v2\/users\/2"}],"replies":[{"embeddable":true,"href":"https:\/\/snehovyservis.cz\/index.php\/wp-json\/wp\/v2\/comments?post=113"}],"version-history":[{"count":1,"href":"https:\/\/snehovyservis.cz\/index.php\/wp-json\/wp\/v2\/pages\/113\/revisions"}],"predecessor-version":[{"id":114,"href":"https:\/\/snehovyservis.cz\/index.php\/wp-json\/wp\/v2\/pages\/113\/revisions\/114"}],"wp:attachment":[{"href":"https:\/\/snehovyservis.cz\/index.php\/wp-json\/wp\/v2\/media?parent=113"}],"curies":[{"name":"wp","href":"https:\/\/api.w.org\/{rel}","templated":true}]}}